1042?
1
What is the ten thousands digit of 11799?
1
What is the units digit of 49482?
2
What is the tens digit of 533?
3
What is the tens digit of 20362?
6
What is the units digit of 19571?
1
What is the thousands digit of 50905?
0
What is the hundreds digit of 1473?
4
What is the tens digit of 476?
7
What is the hundreds digit of 6903?
9
What is the units digit of 1446?
6
What is the thousands digit of 1846?
1
What is the tens digit of 929?
2
What is the hundreds digit of 10353?
3
What is the thousands digit of 20428?
0
What is the tens digit of 134?
3
What is the hundreds digit of 67160?
1
What is the tens digit of 3234?
3
What is the tens digit of 4767?
6
What is the thousands digit of 1787?
1
What is the units digit of 1685?
5
What is the hundreds digit of 15242?
2
What is the thousands digit of 35643?
5
What is the hundred thousands digit of 126275?
1
What is the tens digit of 8384?
8
What is the thousands digit of 5913?
5
What is the hundreds digit of 65439?
4
What is the units digit of 51?
1
What is the units digit of 237?
7
What is the units digit of 1422?
2
What is the units digit of 99196?
6
What is the tens digit of 16745?
4
What is the hundreds digit of 2705?
7
What is the hundreds digit of 1362?
3
What is the units digit of 1861?
1
What is the tens digit of 5759?
5
What is the tens digit of 1763?
6
What is the hundreds digit of 21712?
7
What is the thousands digit of 5722?
5
What is the hundreds digit of 1456?
4
What is the units digit of 3902?
2
What is the units digit of 5476?
6
What is the thousands digit of 13894?
3
What is the units digit of 8?
8
What is the hundreds digit of 20911?
9
What is the tens digit of 200?
0
What is the ten thousands digit of 28697?
2
What is the hundreds digit of 80524?
5
What is the hundreds digit of 3260?
2
What is the hundreds digit of 825?
8
What is the tens digit of 76172?
7
What is the ten thousands digit of 56890?
5
What is the thousands digit of 64008?
4
What is the units digit of 32?
2
What is the hundreds digit of 7075?
0
What is the tens digit of 3836?
3
What is the thousands digit of 44284?
4
What is the units digit of 23410?
0
What is the units digit of 151?
1
What is the tens digit of 247?
4
What is the hundreds digit of 15031?
0
What is the ten thousands digit of 12364?
1
What is the thousands digit of 1943?
1
What is the units digit of 1367?
7
What is the units digit of 5827?
7
What is the units digit of 25689?
9
What is the tens digit of 97626?
2
What is the units digit of 13062?
2
What is the units digit of 463?
3
What is the tens digit of 550?
5
What is the tens digit of 133824?
2
What is the tens digit of 11505?
0
What is the thousands digit of 4592?
4
What is the units digit of 10230?
0
What is the hundreds digit of 15283?
2
What is the units digit of 18?
8
What is the tens digit of 46864?
6
What is the tens digit of 303?
0
What is the tens digit of 19688?
8
What is the units digit of 122966?
6
What is the tens digit of 36948?
4
What is the hundreds digit of 2416?
4
What is the hundreds digit of 8456?
4
What is the tens digit of 83?
8
What is the thousands digit of 107967?
7
What is the units digit of 523?
3
What is the tens digit of 2438?
3
What is the units digit of 96?
6
What is the hundreds digit of 600?
6
What is the tens digit of 8451?
5
What is the thousands digit of 5190?
5
What is the tens digit of 68?
6
What is the tens digit of 2672?
7
What is the tens digit of 897?
9
What is the ten thousands digit of 27305?
2
What is the hundreds digit of 163?
1
What is the thousands digit of 7301?
7
What is the units digit of 1380?
0
What is the units digit of 2274?
4
What is the units digit of 148192?
2
What is the hundreds digit of 14262?
2
What is the hundreds digit of 22106?
1
What is the thousands digit of 8502?
8
What is the thousands digit of 1858?
1
What is the tens digit of 1653?
5
What is the thousands digit of 7100?
7
What is the units digit of 36624?
4
What is the ten thousands digit of 36137?
3
What is the units digit of 53509?
9
What is the hundreds digit of 23518?
5
What is the thousands digit of 13032?
3
What is the tens digit of 62006?
0
What is the tens digit of 887?
8
What is the tens digit of 1343?
4
What is the tens digit of 60060?
6
What is the ten thousands digit of 53097?
5
What is the tens digit of 613?
1
What is the thousands digit of 1731?
1
What is the units digit of 59640?
0
What is the tens digit of 3781?
8
What is the units digit of 9504?
4
What is the ten thousands digit of 108064?
0
What is the hundreds digit of 2725?
7
What is the units digit of 1252?
2
What is the thousands digit of 1982?
1
What is the ten thousands digit of 24461?
2
What is the units digit of 34363?
3
What is the tens digit of 342?
4
What is the tens digit of 6723?
2
What is the thousands digit of 7968?
7
What is the hundreds digit of 1403?
4
What is the hundreds digit of 4541?
5
What is the units digit of 1743?
3
What is the hundreds digit of 216?
2
What is the tens digit of 1218?
1
What is the tens digit of 18794?
9
What is the units digit of 1696?
6
What is the ten thousands digit of 86963?
8
What is the units digit of 17633?
3
What is the tens digit of 256?
5
What is the thousands digit of 6437?
6
What is the tens digit of 94?
9
What is the thousands digit of 22636?
2
What is the tens digit of 1637?
3
What is the units digit of 1400?
0
What is the hundreds digit of 797?
7
What is the hundreds digit of 5650?
6
What is the thousands digit of 61695?
1
What is the tens digit of 29994?
9
What is the thousands digit of 2238?
2
What is the hundreds digit of 1846?
8
What is the thousands digit of 20578?
0
What is the tens digit of 476?
7
What is the tens digit of 1232?
3
What is the units digit of 1421?
1
What is the ten thousands digit of 13493?
1
What is the units digit of 329?
9
What is the units digit of 2983?
3
What is the thousands digit of 4507?
4
What is the thousands digit of 6397?
6
What is the thousands digit of 2636?
2
What is the hundreds digit of 51696?
6
What is the thousands digit of 2127?
2
What is the hundred thousands digit of 134570?
1
What is the tens digit of 10635?
3
What is the thousands digit of 59233?
9
What is the ten thousands digit of 36840?
3
What is the tens digit of 183?
8
What is the tens digit of 5641?
4
What is the units digit of 2546?
6
What is the tens digit of 12380?
8
What is the tens digit of 5910?
1
What is the units digit of 581?
1
What is the units digit of 4566?
6
What is the ten thousands digit of 17485?
1
What is the tens digit of 2146?
4
What is the tens digit of 44806?
0
What is the tens digit of 8268?
6
What is the tens digit of 2786?
8
What is the ten thousands digit of 94635?
9
What is the thousands digit of 9756?
9
What is the units digit of 2570?
0
What is the hundreds digit of 32648?
6
What is the hundreds digit of 5311?
3
What is the ten thousands digit of 19068?
1
What is the thousands digit of 4558?
4
What is the hundreds digit of 4335?
3
What is the tens digit of 3034?
3
What is the units digit of 5907?
7
What is the hundreds digit of 6466?
4
What is the ten thousands digit of 60439?
6
What is the ten thousands digit of 29421?
2
What is the hundreds digit of 13479?
4
What is the thousands digit of 4255?
4
What is the tens digit of 26441?
4
What is the thousands digit of 19831?
9
What is the units digit of 57431?
1
What is the thousands digit of 1517?
1
What is the thousands digit of 3421?
3
What is the ten thousands digit of 13208?
1
What is the units digit of 2816?
6
What is the tens digit of 6721?
2
What is the hundreds digit of 2634?
6
What is the hundreds digit of 5680?
6
What is the thousands digit of 2419?
2
What is the units digit of 1622?
2
What is the units digit of 9249?
9
What is the hundreds digit of 2931?
9
What is the units digit of 14444?
4
What is the tens digit of 103802?
0
What is the units digit of 1052?
2
What is the hundreds digit of 32034?
0
What is the tens digit of 940?
4
What is the hundreds digit of 242?
2
What is the units digit of 15693?
3
What is the tens digit of 7229?
2
What is the tens digit of 32217?
1
What is the hundreds digit of 275?
2
What is the thousands digit of 15217?
5
What is the tens digit of 9831?
3
What is the tens digit of 19943?
4
What is the units digit of 131?
1
What is th